-3*s + 5*z - l + 36 = 0, 23 = 3*s - 2*z. List the prime factors of s.
5
Let o(u) = 5 - 4*u + 5*u - u + u. What are the prime factors of o(7)?
2, 3
Let s be 53/5 - (-3)/(-5). What are the prime factors of 264/s + (-6)/(-10)?
3
Let i(j) = -3*j - 3. Let u be -2 - (-3 + (4 - -2)). List the prime factors of i(u).
2, 3
Suppose -3 = -2*n + 11. What are the prime factors of n?
7
Suppose -2*z + 16 = -m - 3*m, 2*m = 2*z - 6. Let j be 0/((z + 3)/1). Suppose j = 3*x - 2*w - 48, 5*x - 96 = -w - w. List the prime factors of x.
2, 3
What are the prime factors of ((-260)/(-30))/((-4)/(-6))?
13
Suppose 5*h = -6 + 31. Suppose -3*w + w + a = -1, -h*a = 5. Let u = 6 + w. What are the prime factors of u?
2, 3
Let f = 0 - -6. Let m be (33 + -1)*1/(-2). List the prime factors of (m/f)/((-2)/3).
2
Let a be 14*5*2/5. Suppose -5*c - j - 4*j + 40 = 0, 5*c = -2*j + a. List the prime factors of c.
2
Let w = -102 + 59. Let l = w + 62. List the prime factors of l.
19
Suppose -3*t - 18 = -3*h, -t = -5*h + 2*h + 16. List the prime factors of h.
5
Let a(r) = r**2 + 5*r - 36. List the prime factors of a(15).
2, 3, 11
Suppose 40 = w + 4*w. Suppose 8*a + 0*a + 8 = 0. What are the prime factors of 110/w + a/(-4)?
2, 7
Suppose 2*z + 4 = 2. Let v = -25 - -35. Let w = z + v. List the prime factors of w.
3
Let w(z) = -z + 1. Let o be w(-3). Suppose x = 3*p + o*x - 114, -130 = -3*p + 5*x. Suppose 5*u - 2*b - p = 0, -3*u + b = -6*u + 13. List the prime factors of u.
2, 3
Suppose -4 = -2*x + 4. Suppose -3*y - 2*h + 19 = -0*y, -5*h = x*y - 37. Suppose -z + y = -5. List the prime factors of z.
2
Let x = 6 + -6. Suppose 2*y - 8 = x, 0 = 5*k - y + 6*y - 20. What are the prime factors of (-24)/28*(k + -7)?
2, 3
Let v(s) = s**3 - 5*s**2 + 4*s - 2. Let f be v(4). Let w = 2 + f. Suppose m + 3*o - 10 = w, 0*m = m + 5*o - 8. List the prime factors of m.
13
Let c = 87 + -49. What are the prime factors of c?
2, 19
Suppose 0 = 4*v + c - 263, v - 2*c - 254 = -3*v. List the prime factors of v.
5, 13
Suppose -5*z = -10, 0*g = -g + z + 149. List the prime factors of g.
151
Let t(o) = 6*o**3 + 2*o**2 - o. Let b be t(1). Suppose 2*g = 21 + b. List the prime factors of g.
2, 7
Let f(u) = u**3 + 10*u**2 + 9*u - 13. Let w be f(-9). Let s = -7 - w. What are the prime factors of s?
2, 3
Let c be (21/2)/((-30)/(-40)). List the prime factors of 6/21 + 66/c.
5
Let t = -28 - -66. Let k = 56 - t. What are the prime factors of k?
2, 3
Suppose 0 = v + 2 - 6. List the prime factors of v + (-4 - -3) + 1.
2
Let f(p) = -2*p**2 - 2*p + 10*p**2 + 4*p**3 + 12*p - 5*p**3 - 4. Suppose 2*z = -z + 27. What are the prime factors of f(z)?
5
Suppose 38 = 4*y + 190. Let p = y + 56. List the prime factors of p.
2, 3
Suppose 6*c - 1454 = -80. What are the prime factors of c?
229
Let k(z) be the third derivative of -z**5/60 + z**4/4 + z**3/2 + z**2. Suppose -6 - 2 = -2*l. List the prime factors of k(l).
11
Suppose 5*p - 18 = 147. Let v = -19 + p. List the prime factors of v.
2, 7
Let i(w) = -w + 1. Let c be i(-1). Suppose -c*l + 0*l = 2*g - 38, -42 = -2*l + 2*g. What are the prime factors of l?
2, 5
Let k be (28/(-12))/((-2)/18). Let l = k + -7. List the prime factors of l.
2, 7
Let w(s) be the third derivative of -s**6/120 + s**5/5 - 5*s**4/12 - 4*s**3/3 - 2*s**2. What are the prime factors of w(11)?
3
Let i(p) = -28*p + 1. What are the prime factors of i(-2)?
3, 19
Let y = 46 - 25. Suppose -5*p = -3*k + 3 + 72, 117 = 4*k - p. Let r = k - y. What are the prime factors of r?
3
Let h(z) = -5 + 3*z + 4 + z. Let r be h(1). Suppose r = m - 0. What are the prime factors of m?
3
Let z = -39 + 104. List the prime factors of z.
5, 13
Let k(c) = 4*c**2 - 3*c - 32. List the prime factors of k(7).
11, 13
Let r be (-6)/3 + 7 + 0. Suppose 3*s + 13 = r*k - 7, 0 = -3*s - 2*k - 13. Let x = -3 - s. List the prime factors of x.
2
Let t = 3 - 0. Suppose -2*j - t*j = -2*f + 20, -f - 2*j = -19. List the prime factors of f.
3, 5
Suppose 4*u + 243 = 3*s, -4*u + 56 = -s + 289. Let x = -36 - u. What are the prime factors of x?
3, 7
Let z be ((-2)/4)/((-1)/4). Suppose -5*u = 4*r - 23, -z*u + 3*u + 7 = 5*r. Suppose -5 - u = -4*y, y = 3*m - 19. What are the prime factors of m?
7
Suppose 2*f + 41 = -y, 3*f + 4*y = -0*f - 49. Let c = 37 + f. Let t = c - 4. What are the prime factors of t?
2, 5
Let n(z) = z**3 - 3*z**2 + z + 3. Let s be n(3). Let g = s + 1. What are the prime factors of g?
7
Let p be (-1)/2*(-2 + 8). Let a = p - -6. Suppose -a*b = 3 - 9. What are the prime factors of b?
2
Let t be (19 + 1)/(0 - -1). Suppose -3*a + t = 2*q + 2, 2*a - 12 = 4*q. List the prime factors of a.
2, 3
Suppose -w - 17 = -5*l, -4*w + l - 4 = -3*l. Let v be (-2)/4 + w/6. Suppose v = -a + m + 9, a - 4*m - 15 = -3. What are the prime factors of a?
2
Let z(r) = -r**3 + 4*r**2 - 2*r + 4. Let w be z(3). Suppose -w = -4*b + 3*b. What are the prime factors of b?
7
Let u be 1/4 - 14/(-8). List the prime factors of (-4)/(-2) + 1 + u.
5
Suppose 9 + 206 = 5*z. Suppose -4*g + 9 + z = 0. List the prime factors of g.
13
Let k(v) = v**3 - 4*v**2 + 2*v - 5. Let b be k(4). Let x(q) = q**3 - q**2 + q - 2. List the prime factors of x(b).
19
Let f = 26 - 4. What are the prime factors of f?
2, 11
Let h(k) = -k**3 - 9*k**2 + 11*k + 10. Let v be h(-10). Suppose 40 = 5*a - v. What are the prime factors of a?
2
Suppose -2*d + 5*d = -42. List the prime factors of (0 + (3 - d))/1.
17
Suppose 0 = 4*s - 4*y - 90 - 122, -139 = -3*s - 2*y. What are the prime factors of s?
7
Let z be (2/6)/((-4)/(-12)). Let x be 11*2 - 0/z. Suppose j - x = -j. List the prime factors of j.
11
Let j be (-8)/(-20) + 46/10. Let s = 0 + j. Suppose 4*k - 41 = v + 1, s*k + 2*v - 46 = 0. List the prime factors of k.
2, 5
Let x be (8/(-5))/((-1)/(-5)). Let r = x + 24. What are the prime factors of r?
2
Suppose 0 = 5*n + 38 - 413. List the prime factors of n.
3, 5
Suppose -3*z + 4*a = -116, -3*z - 2*a = -0*a - 86. Let x = z + -19. What are the prime factors of x?
13
Suppose -5*p = -5*f - 15, 0*p = -4*f + p. Suppose 0 = 2*a - f - 3. What are the prime factors of a?
2
Let g(v) = v**2 + 3*v + 5. Let q = -8 + 12. What are the prime factors of g(q)?
3, 11
Let q(u) = -u**3 - 7*u**2 + 9*u - 15. List the prime factors of q(-9).
2, 3, 11
Suppose 3*c + 49 = -4*r, -30 + 12 = r - 5*c. Suppose 3*g = 5*g + 18. Let f = g - r. List the prime factors of f.
2
Let b = 35 - 21. What are the prime factors of 326/b - (-18)/(-63)?
23
Let x = -44 + 64. Let c = x + -5. What are the prime factors of c?
3, 5
Suppose -s + 0 + 4 = 0. Suppose 0 = s*j - 7*j + 63. List the prime factors of j.
3, 7
Let b(a) = -a**2 + 4*a + 180. What are the prime factors of b(0)?
2, 3, 5
Let x(d) = d**2 + 5*d + 3. Let l be x(7). Suppose p + y - 15 = -0, -y = 5*p - l. What are the prime factors of p?
2, 3
Let u(v) = -2*v**2 + v + 63. What are the prime factors of u(0)?
3, 7
Suppose 2*n - 3*q - 381 = 0, -8*n + 735 = -4*n + 3*q. What are the prime factors of n?
2, 3, 31
Let r = -45 - -114. What are the prime factors of r?
3, 23
Let n(c) be the second derivative of 7*c**3/6 - c**2/2 + 2*c. List the prime factors of n(2).
13
Suppose -4*w + 124 = 4*g, -2*w + 5*g = g - 38. List the prime factors of w.
3
Suppose -2*n + 56 = -10. List the prime factors of n.
3, 11
Let r = 0 - 2. Let i = r - -3. What are the prime factors of i*(-3)/(-3) + 5?
2, 3
Let c(t) be the third derivative of -t**6/120 - t**5/60 + 5*t**4/24 + 2*t**3/3 + 2*t**2. What are the prime factors of c(-3)?
7
Suppose -4*v + 10 = -2*v. Suppose -2*x = -v*n - 23, 3 = -x - 2*x. Let s = 9 + n. List the prime factors of s.
2
What are the prime factors of (109 - 1) + -1 + -5 + 5?
107
Suppose -28 = 5*w - 4*w. Let q be (-20)/w + 2/7. What are the prime factors of (q*4)/((-1)/(-2))?
2
Suppose -4*k = -4*b - 48, -75 = 7*b - 3*b + 5*k. Let z = 0 + b. Let f = -6 - z. What are the prime factors of f?
3
Let q(g) = -g - 4. Let c be q(-4). Suppose -2*v + 40 = 5*a, c*a + 3*a - 45 = 3*v. List the prime factors of a.
2, 5
Suppose 5*c - 2*g = 21 - 88, 5*g = -4*c - 47. Let d = c - -33. Suppose -5*x - d = -2*t, 0 = -0*t + 2*t - 4*x - 18. List the prime factors of t.
5
Suppose 274 = 5*t + 3*r - r, 3*t - 159 = -3*r. List the prime factors of t.
2, 7
Let q be 9*(20/6 - 3). Let u(l) = -q + 7 + 3*l**2 - 3 - 4*l. List the prime factors of u(3).
2
Let i = 1